s the remainder when 1999097 is divided by 358?
25
Calculate the remainder when 460294 is divided by 381.
46
Calculate the remainder when 1520098 is divided by 842.
288
Calculate the remainder when 1352726 is divided by 344.
118
Calculate the remainder when 467897 is divided by 52.
1
Calculate the remainder when 443374 is divided by 116.
22
Calculate the remainder when 10512312 is divided by 3504062.
126
Calculate the remainder when 2350053 is divided by 1536.
1509
Calculate the remainder when 483448 is divided by 23015.
133
What is the remainder when 401399 is divided by 297?
152
Calculate the remainder when 28590 is divided by 27170.
1420
Calculate the remainder when 11796836 is divided by 1080.
1076
What is the remainder when 5209266 is divided by 651146?
98
Calculate the remainder when 48725492 is divided by 121.
2
What is the remainder when 19675005 is divided by 97401?
3
Calculate the remainder when 140108682 is divided by 202177.
21
What is the remainder when 102389 is divided by 3811?
3303
Calculate the remainder when 1632347 is divided by 124.
11
What is the remainder when 2114511 is divided by 1057234?
43
What is the remainder when 17357676 is divided by 17034?
30
What is the remainder when 1939642 is divided by 484861?
198
Calculate the remainder when 1819158 is divided by 45478.
38
What is the remainder when 3665096 is divided by 300?
296
What is the remainder when 146401 is divided by 146296?
105
Calculate the remainder when 1392074 is divided by 1142.
1118
Calculate the remainder when 566062 is divided by 6020.
182
Calculate the remainder when 36445435 is divided by 86.
11
Calculate the remainder when 1110669 is divided by 25.
19
Calculate the remainder when 216896850 is divided by 30579.
3
What is the remainder when 1329712 is divided by 587?
157
What is the remainder when 8191453 is divided by 52?
49
What is the remainder when 649910797 is divided by 22?
19
What is the remainder when 462029 is divided by 936?
581
What is the remainder when 5052307 is divided by 561344?
211
Calculate the remainder when 251887 is divided by 20986.
55
Calculate the remainder when 36768 is divided by 11412.
2532
Calculate the remainder when 1021510 is divided by 1212.
1006
What is the remainder when 327531 is divided by 1655?
1496
What is the remainder when 725419 is divided by 362301?
817
Calculate the remainder when 1691114 is divided by 101.
71
Calculate the remainder when 2033335 is divided by 1895.
0
What is the remainder when 208111858 is divided by 20?
18
What is the remainder when 825033 is divided by 274925?
258
Calculate the remainder when 850667 is divided by 133.
132
What is the remainder when 2201592 is divided by 15?
12
Calculate the remainder when 11633464 is divided by 3099.
2917
What is the remainder when 4008895 is divided by 16?
15
What is the remainder when 139270 is divided by 3969?
355
Calculate the remainder when 58387 is divided by 1245.
1117
What is the remainder when 4891921 is divided by 122?
87
Calculate the remainder when 38944618 is divided by 765.
763
What is the remainder when 9158509 is divided by 8?
5
What is the remainder when 38516405 is divided by 5613?
5612
What is the remainder when 580525 is divided by 193453?
166
Calculate the remainder when 2640214 is divided by 681.
658
What is the remainder when 3532898896 is divided by 18?
16
What is the remainder when 110256 is divided by 875?
6
What is the remainder when 81470502 is divided by 472?
470
Calculate the remainder when 3230904 is divided by 1478.
1474
What is the remainder when 14593794 is divided by 8765?
69
Calculate the remainder when 50278 is divided by 844.
482
What is the remainder when 411904 is divided by 314?
250
Calculate the remainder when 2761458318 is divided by 743.
742
Calculate the remainder when 14067 is divided by 4348.
1023
Calculate the remainder when 14821173 is divided by 6230.
3
Calculate the remainder when 1420970 is divided by 322.
306
Calculate the remainder when 9094445 is divided by 2216.
2197
Calculate the remainder when 6286924 is divided by 20346.
10
What is the remainder when 1715336 is divided by 67?
2
Calculate the remainder when 2032673 is divided by 35.
13
What is the remainder when 1337280 is divided by 9411?
918
Calculate the remainder when 1489731 is divided by 743918.
1895
What is the remainder when 52671 is divided by 2501?
150
Calculate the remainder when 1053760 is divided by 745.
330
Calculate the remainder when 13449413 is divided by 1921342.
19
Calculate the remainder when 531597 is divided by 392.
45
Calculate the remainder when 1323842 is divided by 139.
6
Calculate the remainder when 5173258 is divided by 675.
58
What is the remainder when 38257787 is divided by 19128892?
3
What is the remainder when 6451941 is divided by 56?
13
What is the remainder when 60843 is divided by 1603?
1532
Calculate the remainder when 1221654 is divided by 1221651.
3
What is the remainder when 181499 is divided by 20166?
5
What is the remainder when 4019003 is divided by 1001?
989
What is the remainder when 138630 is divided by 3678?
2544
Calculate the remainder when 41411 is divided by 93.
26
Calculate the remainder when 21726870 is divided by 678963.
54
What is the remainder when 665532 is divided by 2986?
2640
What is the remainder when 4596 is divided by 4260?
336
What is the remainder when 39793 is divided by 16425?
6943
Calculate the remainder when 12282028 is divided by 1770.
1768
What is the remainder when 22613450 is divided by 25785?
5
Calculate the remainder when 30156722 is divided by 6583.
6582
Calculate the remainder when 4204028 is divided by 2944.
2940
Calculate the remainder when 203416130 is divided by 22.
16
Calculate the remainder when 44015 is divided by 2223.
1778
Calculate the remainder when 1551 is divided by 332.
223
What is the remainder when 2259089 is divided by 188255?
29
What is the remainder when 818671 is divided by 9863?
42
What is the remainder when 89066 is divided by 17788?
126
What is the remainder when 7265874 is divided by 2421874?
252
What is the remainder when 136064 is divided by 26480?
3664
Calculate the remainder when 2225527 is divided by 62.
37
Calculate the remainder when 7584170 is divided by 1231.
1210
What is the remainder when 494535 is divided by 7608?
15
What is the remainder when 60726659 is divided by 19?
18
What is the remainder when 3548922 is divided by 1986?
1926
What is the remainder when 762802556 is divided by 3637?
3635
Calculate the remainder when 4252386 is divided by 4548.
6
Calculate the remainder when 693303 is divided by 115546.
27
Calculate the remainder when 32204449 is divided by 26.
17
Calculate the remainder when 1431712558 is divided by 10591.
10587
Calculate the remainder when 58131277 is divided by 58131221.
56
What is the remainder when 58130711 is divided by 14532646?
127
What is the remainder when 209934971 is divided by 153?
152
What is the remainder when 7102687 is divided by 426?
415
What is the remainder when 517020 is divided by 103051?
1765
Calculate the remainder when 730935015 is divided by 56.
55
What is the remainder when 820005 is divided by 74530?
175
Calculate the remainder when 329582 is divided by 52.
6
Calculate the remainder when 270639 is divided by 47.
13
Calculate the remainder when 84664 is divided by 11843.
1763
Calculate the remainder when 5092674 is divided by 6099.
9
What is the remainder when 54600 is divided by 2234?
984
What is the remainder when 105897 is divided by 1342?
1221
Calculate the remainder when 110148 is divided by 24.
12
What is the remainder when 11601630 is divided by 14?
12
Calculate the remainder when 3254206 is divided by 216.
166
Calculate the remainder when 730533 is divided by 200.
133
What is the remainder when 1616698 is divided by 424?
410
What is the remainder when 3975369 is divided by 410?
9
What is the remainder when 356655 is divided by 15901?
6833
What is the remainder when 5186413 is divided by 2593158?
97
What is the remainder when 1774983 is divided by 1921?
1900
Calculate the remainder when 103950 is divided by 2603.
2433
What is the remainder when 97254449 is divided by 8?
1
What is the remainder when 62310 is divided by 3520?
2470
Calculate the remainder when 177995 is divided by 171